isor of 570 and 2130?
30
Calculate the greatest common factor of 32804 and 413.
59
What is the greatest common divisor of 238 and 29886?
34
What is the highest common divisor of 29550 and 16500?
150
What is the greatest common factor of 321 and 4598967?
321
What is the greatest common factor of 628680 and 186?
186
What is the greatest common factor of 3312 and 7314?
138
What is the greatest common divisor of 63114 and 3819?
201
Calculate the highest common factor of 38 and 1434557.
19
Calculate the highest common factor of 4743 and 12393.
153
What is the highest common factor of 907220 and 20?
20
What is the greatest common factor of 356 and 7953040?
356
What is the highest common divisor of 2920 and 139576?
584
Calculate the highest common factor of 381 and 665099.
127
What is the highest common factor of 1222 and 1560?
26
What is the greatest common divisor of 270 and 28530?
90
What is the highest common divisor of 180763 and 55?
11
What is the greatest common divisor of 188832 and 5620?
1124
What is the highest common factor of 954 and 10653?
159
What is the highest common divisor of 15291 and 225?
9
Calculate the greatest common divisor of 10868570 and 19.
19
What is the greatest common divisor of 1511284 and 115?
23
Calculate the greatest common factor of 60604 and 4796.
436
What is the highest common divisor of 482514 and 3014?
274
Calculate the greatest common factor of 2008 and 56.
8
What is the highest common factor of 348212 and 789?
263
What is the greatest common divisor of 40 and 3030260?
20
What is the highest common factor of 11671 and 110?
11
Calculate the greatest common divisor of 1597844 and 424.
212
Calculate the highest common factor of 528 and 177672.
264
What is the greatest common divisor of 4149 and 549?
9
Calculate the greatest common factor of 5076 and 209103.
141
What is the highest common factor of 714 and 87738?
42
What is the greatest common factor of 63084 and 4?
4
Calculate the highest common divisor of 1770 and 3030.
30
What is the highest common factor of 933684 and 580?
116
Calculate the greatest common divisor of 2751 and 53841.
393
Calculate the highest common divisor of 1122232 and 16.
8
Calculate the greatest common divisor of 704 and 199232.
704
Calculate the highest common factor of 85 and 8335.
5
What is the highest common divisor of 49 and 891163?
49
What is the greatest common factor of 157 and 1574396?
157
What is the highest common factor of 676188 and 486?
162
Calculate the highest common divisor of 5256 and 573488.
584
Calculate the greatest common factor of 192 and 78.
6
Calculate the highest common divisor of 41054 and 2262.
26
Calculate the greatest common factor of 4375 and 735.
35
Calculate the highest common divisor of 162 and 65592.
18
What is the greatest common divisor of 4312 and 1228528?
392
Calculate the greatest common factor of 27603 and 45.
9
What is the greatest common divisor of 126015 and 5115?
465
Calculate the highest common divisor of 195 and 301899.
39
Calculate the highest common factor of 3675 and 3969.
147
Calculate the highest common divisor of 390 and 2118.
6
Calculate the highest common divisor of 16131 and 1083.
57
Calculate the greatest common factor of 204 and 24296.
4
What is the highest common factor of 113469 and 327?
327
Calculate the greatest common divisor of 494 and 35906.
26
Calculate the greatest common factor of 210 and 24770.
10
What is the greatest common divisor of 30532 and 459?
17
Calculate the highest common divisor of 361532 and 134.
134
Calculate the highest common divisor of 315 and 2766435.
105
Calculate the highest common factor of 4655 and 441.
49
Calculate the highest common factor of 362 and 281093.
181
What is the highest common factor of 85826 and 754?
26
Calculate the greatest common divisor of 47257 and 8478.
157
Calculate the greatest common divisor of 1539 and 2128.
19
Calculate the greatest common factor of 58832 and 48.
16
Calculate the greatest common divisor of 860 and 5460.
20
Calculate the greatest common divisor of 33418 and 700.
14
Calculate the highest common divisor of 656268 and 1122.
102
Calculate the highest common factor of 157 and 7029989.
157
Calculate the greatest common divisor of 34 and 10047.
17
Calculate the greatest common divisor of 5788713 and 636.
159
What is the highest common factor of 576 and 846?
18
Calculate the highest common divisor of 323 and 2413.
19
Calculate the highest common divisor of 38 and 78983.
19
What is the greatest common factor of 518 and 47878?
74
What is the greatest common divisor of 3161 and 5829?
29
What is the highest common factor of 7891 and 7059?
13
What is the highest common divisor of 47150 and 1725?
575
Calculate the greatest common divisor of 48716 and 52.
4
What is the greatest common divisor of 21894 and 18614?
82
Calculate the highest common factor of 905 and 18735.
5
Calculate the greatest common factor of 598 and 37214.
46
Calculate the greatest common factor of 5217033 and 381.
381
Calculate the highest common divisor of 160766 and 124.
62
What is the highest common divisor of 13992 and 11289?
159
Calculate the highest common factor of 74784 and 82.
82
What is the highest common divisor of 71961 and 476?
17
Calculate the highest common divisor of 106 and 34556.
106
What is the highest common divisor of 238 and 217498?
34
What is the greatest common divisor of 48 and 331404?
12
What is the greatest common factor of 2674910 and 106?
106
Calculate the greatest common divisor of 881636 and 6118.
322
What is the greatest common divisor of 7912 and 5504?
344
What is the greatest common factor of 56 and 36896?
8
Calculate the greatest common divisor of 47236 and 588.
196
What is the highest common factor of 5432 and 48?
8
Calculate the greatest common factor of 47488 and 63616.
896
Calculate the highest common factor of 552 and 105708.
276
What is the greatest common factor of 3118520 and 20?
20
Calculate the greatest common factor of 429 and 1651884.
39
Calculate the highest common factor of 32 and 14752.
32
Calculate the greatest common factor of 949 and 49421.
73
What is the greatest common factor of 135 and 112215?
15
What is the highest common divisor of 17952 and 704?
352
Calculate the highest common divisor of 3370784 and 128.
32
Calculate the greatest common factor of 8 and 1179592.
8
Calculate the greatest common divisor of 5184 and 50382.
162
Calculate the greatest common factor of 638648 and 6208.
776
What is the greatest common factor of 19 and 1791377?
19
What is the greatest common factor of 110 and 242?
22
What is the highest common factor of 3 and 4542?
3
Calculate the greatest common divisor of 135400 and 1000.
200
What is the highest common divisor of 95176 and 1?
1
Calculate the highest common divisor of 46684 and 1364.
44
What is the highest common divisor of 618768 and 1152?
144
Calculate the greatest common divisor of 25765 and 215.
5
What is the highest common factor of 97 and 369958?
97
Calculate the highest common divisor of 550 and 635525.
275
Calculate the greatest common divisor of 8532 and 6912.
108
What is the highest common factor of 3468 and 108?
12
Calculate the highest common divisor of 18709 and 424.
53
Calculate the highest common factor of 59843 and 2163.
721
Calculate the greatest common divisor of 32 and 789440.
32
Calculate the greatest common factor of 10695 and 32775.
345
Calculate the greatest common factor of 366539 and 2513.
359
What is the greatest common divisor of 744 and 38967?
93
What is the highest common divisor of 144 and 141152?
16
What is the greatest common divisor of 14405 and 72670?
215
Calculate the highest common factor of 32 and 2734656.
32
What is the highest common factor of 1014705 and 45?
45
Calculate the greatest common divisor of 23944 and 1241.
73
Calculate the highest common factor of 98816 and 416.
32
Calculate the highest common factor of 126 and 147.
21
What is the highest common factor of 2703866 and 66?
22
Calculate the greatest common factor of 5676 and 2451.
129
What is the highest common divisor of 3674 and 462?
22
What is the greatest common factor of 99302 and 41?
41
What is the greatest common factor of 6433 and 126?
7
What is the greatest common divisor of 192694 and 4071?
1357
What is the hig